{"id":6424,"date":"2019-10-16T21:45:42","date_gmt":"2019-10-16T19:45:42","guid":{"rendered":"http:\/\/vupp.carc.cz\/domains\/vupp.carc.cz\/?page_id=6424"},"modified":"2023-08-07T17:03:39","modified_gmt":"2023-08-07T15:03:39","slug":"kontakt","status":"publish","type":"page","link":"https:\/\/vupp.carc.cz\/domains\/vupp.carc.cz\/cs\/kontakt\/","title":{"rendered":"Kontakt"},"content":{"rendered":"<p>[vc_row full_width=&#8220;stretch_row_content_no_spaces&#8220; equal_height=&#8220;yes&#8220; content_placement=&#8220;middle&#8220; css=&#8220;.vc_custom_1470307850477{padding-bottom: -60px !important;}&#8220;][vc_column]\n\t\t\t<!-- START final o nas REVOLUTION SLIDER 6.0.9 --><p class=\"rs-p-wp-fix\"><\/p>\n\t\t\t<rs-module-wrap id=\"rev_slider_51_1_wrapper\" data-source=\"gallery\" style=\"background:transparent;padding:0;margin:0px auto;margin-top:0;margin-bottom:0;\">\n\t\t\t\t<rs-module id=\"rev_slider_51_1\" style=\"display:none;\" data-version=\"6.0.9\">\n\t\t\t\t\t<rs-slides>\n\t\t\t\t\t\t<rs-slide data-key=\"rs-132\" data-title=\"Slide\" data-thumb=\"\/\/vupp.carc.cz\/domains\/vupp.carc.cz\/wp-content\/uploads\/2016\/12\/v\u00fdzkum2-180x100.jpg\" data-anim=\"ei:d;eo:d;s:600;r:0;t:fade;sl:d;\">\n\t\t\t\t\t\t\t<img decoding=\"async\" src=\"\/\/vupp.carc.cz\/domains\/vupp.carc.cz\/wp-content\/plugins\/revslider\/public\/assets\/assets\/dummy.png\" title=\"Kontakt\" data-lazyload=\"\/\/vupp.carc.cz\/domains\/vupp.carc.cz\/wp-content\/uploads\/2016\/12\/v\u00fdzkum2.jpg\" data-parallax=\"off\" class=\"rev-slidebg\" data-no-retina>\n<!---->\t\t\t\t\t\t<\/rs-slide>\n\t\t\t\t\t\t<rs-slide data-key=\"rs-129\" data-title=\"Slide\" data-thumb=\"\/\/vupp.carc.cz\/domains\/vupp.carc.cz\/wp-content\/uploads\/2016\/12\/ba\u0148ky-180x100.jpg\" data-anim=\"ei:d;eo:d;s:600;r:0;t:fade;sl:d;\">\n\t\t\t\t\t\t\t<img decoding=\"async\" src=\"\/\/vupp.carc.cz\/domains\/vupp.carc.cz\/wp-content\/plugins\/revslider\/public\/assets\/assets\/dummy.png\" title=\"Kontakt\" data-lazyload=\"\/\/vupp.carc.cz\/domains\/vupp.carc.cz\/wp-content\/uploads\/2016\/12\/ba\u0148ky.jpg\" data-parallax=\"off\" class=\"rev-slidebg\" data-no-retina>\n<!---->\t\t\t\t\t\t<\/rs-slide>\n\t\t\t\t\t\t<rs-slide data-key=\"rs-134\" data-title=\"Slide\" data-thumb=\"\/\/vupp.carc.cz\/domains\/vupp.carc.cz\/wp-content\/uploads\/2016\/12\/Slide10-180x100.jpg\" data-anim=\"ei:d;eo:d;s:300;r:0;t:fade;sl:7;\">\n\t\t\t\t\t\t\t<img decoding=\"async\" src=\"\/\/vupp.carc.cz\/domains\/vupp.carc.cz\/wp-content\/plugins\/revslider\/public\/assets\/assets\/dummy.png\" title=\"Kontakt\" data-lazyload=\"\/\/vupp.carc.cz\/domains\/vupp.carc.cz\/wp-content\/uploads\/2016\/12\/Slide10.jpg\" data-parallax=\"off\" class=\"rev-slidebg\" data-no-retina>\n<!---->\t\t\t\t\t\t<\/rs-slide>\n\t\t\t\t\t<\/rs-slides>\n\t\t\t\t\t<rs-progress style=\"height: 5px; background: rgba(0,0,0,0.15);\"><\/rs-progress>\n\t\t\t\t<\/rs-module>\n\t\t\t<\/rs-module-wrap>\n\t\t\t<!-- END REVOLUTION SLIDER -->\n[vc_empty_space][\/vc_column][\/vc_row][vc_row css=&#8220;.vc_custom_1571255066307{margin-top: 32px !important;}&#8220;][vc_column][vc_custom_heading text=&#8220;Kontakt&#8220; font_container=&#8220;tag:h1|font_size:56|text_align:left|color:%23134793&#8243; google_fonts=&#8220;font_family:Montserrat%3Aregular%2C700|font_style:400%20regular%3A400%3Anormal&#8220;][vc_empty_space]<div class=\" text-left\"><div class=\"custom-heading   \"  ><h2>V\u00fdzkumn\u00fd \u00fastav potravin\u00e1\u0159sk\u00fd Praha, v. v. i<\/h2><span class=\"lead\">Food Research Institute Prague<\/span><span class=\"custom-heading-delim\" style=\"width:30px;\"><\/span><\/div><\/div>[vc_column_text]Radiov\u00e1 1285\/7<br \/>\n102 00 Praha 10 &#8211; Hostiva\u0159<br \/>\nI\u010c: 00027022<br \/>\nDI\u010c: CZ00027022[\/vc_column_text][vc_column_text]Ve\u0159ejn\u00e1 v\u00fdzkumn\u00e1 instituce z\u0159\u00edzena k 1.\u00a01.\u00a02007 z\u0159izovac\u00ed listinou MZe \u010d.j.:\u00a022971\/2006-11000 ze dne 23.\u00a06.\u00a02006.<\/p>\n<p>\u010c\u00edslo \u00fa\u010dtu : 94-0006320101\/0710<\/p>\n<p>\u010cNB &#8211; Pobo\u010dka Praha<\/p>\n<p>BIC (SWIFT): CNBACZPP<\/p>\n<p>IBAN: CZ36 0710 0000 9400 0632 0101<\/p>\n<p>[\/vc_column_text]<div class=\" text-left\"><div class=\"custom-heading   \"  ><h2>Kontakty<\/h2><span class=\"custom-heading-delim\" style=\"width:30px;\"><\/span><\/div><\/div>[vc_column_text]ID datov\u00e9 schr\u00e1nky \u00fastavu: p96gp4k<br \/>\nTelefon: 296 792 100<br \/>\nE-mail: <a href=\"mailto:vupp@vupp.cz\">vupp@vupp.cz<br \/>\n<\/a>Internet: <a href=\"http:\/\/vupp.carc.cz\/domains\/vupp.carc.cz\/\" target=\"_blank\" rel=\"noopener noreferrer\">https:\/\/www.vupp.cz<\/a>[\/vc_column_text]<div class=\" text-left\"><div class=\"custom-heading   \"  ><span class=\"lead\">Lze n\u00e1s kontaktovat tak\u00e9 pomoc\u00ed toho formul\u00e1\u0159e<\/span><span class=\"custom-heading-delim\" style=\"width:30px;\"><\/span><\/div><\/div><div class=\"contact-form-module \"><form\n\t\t\t\t\taction=\"\/domains\/vupp.carc.cz\/wp-json\/wp\/v2\/pages\/6424\"\n\t\t\t\t\tmethod=\"post\"\n\t\t\t\t\tname=\"contactForm1472115428415-9a82d43b-af99\"\n\t\t\t\t\tid=\"contactForm1472115428415-9a82d43b-af99\"\n\t\t\t\t\t\n\t\t\t        class=\"crumina-contact-form\"\n\t\t\t\t\ttitle=\"Kontaktn\u00ed formul\u00e1\u0159\"\n\t\t\t        ><div class=\"row\"><div class=\"col-md-6\"><div class=\"form-group \"><label class=\"control-label upper\" for=\"name1472115428415-9a82d43b-af99\">Jm\u00e9no<\/label><input type=\"text\" class=\"form-control required\" name=\"senderName1472115428415-9a82d43b-af99\" placeholder=\"\" title=\"Jm\u00e9no odes\u00edlatele\" id=\"name1472115428415-9a82d43b-af99\" aria-required=\"true\" value=\"\"><\/div><\/div><div class=\"col-md-6\"><div class=\"form-group \"><label class=\"control-label upper\" for=\"email1472115428415-9a82d43b-af99\">E-mail<\/label><input type=\"email\" class=\"form-control required email\" name=\"senderEmail1472115428415-9a82d43b-af99\" title=\"E-mail odes\u00edlatele\" placeholder=\"\" id=\"email1472115428415-9a82d43b-af99\" aria-required=\"true\" value=\"\"><\/div><\/div><\/div><div class=\"row\"><div class=\"col-md-12\"><div class=\"form-group \"><textarea class=\"form-control required\" name=\"comment1472115428415-9a82d43b-af99\" rows=\"9\" title=\"Obsah zpr\u00e1vy\" placeholder=\"\" id=\"comment1472115428415-9a82d43b-af99\" aria-required=\"true\"><\/textarea><\/div><\/div><\/div><div class=\"row\"><div class=\"col-md-12\"><div class=\"form-group text-left\"><button class=\"btn btn-primary\" type=\"submit\" title=\"Odeslat zpr\u00e1vu\"><i class=\"fa fa-paper-plane\" aria-hidden=\"true\"><\/i>\u00a0Odeslat<\/button><\/div><\/div><\/div><input type=\"hidden\" name=\"submitted1472115428415-9a82d43b-af99\" id=\"submitted\" value=\"true\" title=\"Odeslat zpr\u00e1vu\" \/><\/form><\/div><div class=\" text-left\"><div class=\"custom-heading   \"  ><h2>Kde n\u00e1s najdete?<\/h2><span class=\"custom-heading-delim\" style=\"width:30px;\"><\/span><\/div><\/div>[vc_gmaps link=&#8220;#E-8_JTNDaWZyYW1lJTIwd2lkdGglM0QlMjI2MDAlMjIlMjBoZWlnaHQlM0QlMjI0NTAlMjIlMjBmcmFtZWJvcmRlciUzRCUyMjAlMjIlMjBzdHlsZSUzRCUyMmJvcmRlciUzQTAlMjIlMjAlMjByb2xlJTNEJTIycHJlc2VudGF0aW9uJTIyJTIwdGl0bGUlM0QlMjJHb29nbGUlMjBNYXBhJTIwJUUyJTgwJTkzJTIwQWRyZXNhJTIwViVDMyU5QVBQJTIyJTIwc3JjJTNEJTIyaHR0cHMlM0ElMkYlMkZ3d3cuZ29vZ2xlLmNvbSUyRm1hcHMlMkZlbWJlZCUyRnYxJTJGcGxhY2UlM0ZxJTNEUmFkaW92JTI1QzMlMjVBMSUyNTIwMTI4NSUyNTJGNyUyNTIwMTAyJTI1MjAwMCUyNTIwUHJhaGElMjUyMDEwJTI1MjAtJTI1MjBIb3N0aXZhJTI1QzUlMjU5OSUyNmtleSUzREFJemFTeUN2SXhMTExMaVZNSFVLeGhPb0hnNXpfTm1LSVFFTnAxRSUyMiUyMGFsbG93ZnVsbHNjcmVlbiUzRSUzQyUyRmlmcmFtZSUzRQ==&#8220;][\/vc_column][\/vc_row]<\/p>\n","protected":false},"excerpt":{"rendered":"<p>[vc_row full_width=&#8220;stretch_row_content_no_spaces&#8220; equal_height=&#8220;yes&#8220; content_placement=&#8220;middle&#8220; css=&#8220;.vc_custom_1470307850477{padding-bottom: -60px !important;}&#8220;][vc_column][vc_empty_space][\/vc_column][\/vc_row][vc_row css=&#8220;.vc_custom_1571255066307{margin-top: 32px !important;}&#8220;][vc_column][vc_custom_heading text=&#8220;Kontakt&#8220; font_container=&#8220;tag:h1|font_size:56|text_align:left|color:%23134793&#8243; google_fonts=&#8220;font_family:Montserrat%3Aregular%2C700|font_style:400%20regular%3A400%3Anormal&#8220;][vc_empty_space][vc_column_text]Radiov\u00e1 1285\/7 102 00 Praha 10 &#8211; Hostiva\u0159 I\u010c: 00027022 DI\u010c: CZ00027022[\/vc_column_text][vc_column_text]Ve\u0159ejn\u00e1 v\u00fdzkumn\u00e1 instituce z\u0159\u00edzena k 1.\u00a01.\u00a02007 z\u0159izovac\u00ed listinou MZe \u010d.j.:\u00a022971\/2006-11000 ze dne 23.\u00a06.\u00a02006. \u010c\u00edslo \u00fa\u010dtu : 94-0006320101\/0710 \u010cNB &#8211; Pobo\u010dka Praha BIC (SWIFT): CNBACZPP IBAN: CZ36 0710 0000 9400 0632 0101 [\/vc_column_text][vc_column_text]ID [&hellip;]<\/p>\n","protected":false},"author":10,"featured_media":0,"parent":0,"menu_order":0,"comment_status":"closed","ping_status":"closed","template":"","meta":{"footnotes":""},"class_list":["post-6424","page","type-page","status-publish","hentry"],"_links":{"self":[{"href":"https:\/\/vupp.carc.cz\/domains\/vupp.carc.cz\/wp-json\/wp\/v2\/pages\/6424","targetHints":{"allow":["GET"]}}],"collection":[{"href":"https:\/\/vupp.carc.cz\/domains\/vupp.carc.cz\/wp-json\/wp\/v2\/pages"}],"about":[{"href":"https:\/\/vupp.carc.cz\/domains\/vupp.carc.cz\/wp-json\/wp\/v2\/types\/page"}],"author":[{"embeddable":true,"href":"https:\/\/vupp.carc.cz\/domains\/vupp.carc.cz\/wp-json\/wp\/v2\/users\/10"}],"replies":[{"embeddable":true,"href":"https:\/\/vupp.carc.cz\/domains\/vupp.carc.cz\/wp-json\/wp\/v2\/comments?post=6424"}],"version-history":[{"count":9,"href":"https:\/\/vupp.carc.cz\/domains\/vupp.carc.cz\/wp-json\/wp\/v2\/pages\/6424\/revisions"}],"predecessor-version":[{"id":7732,"href":"https:\/\/vupp.carc.cz\/domains\/vupp.carc.cz\/wp-json\/wp\/v2\/pages\/6424\/revisions\/7732"}],"wp:attachment":[{"href":"https:\/\/vupp.carc.cz\/domains\/vupp.carc.cz\/wp-json\/wp\/v2\/media?parent=6424"}],"curies":[{"name":"wp","href":"https:\/\/api.w.org\/{rel}","templated":true}]}}